hen 33 is divided by h.
15
Let c(y) = y**2 - 7*y + 6. Let p be c(6). Suppose -2 = -2*s - p. Calculate the remainder when 2 is divided by s.
0
Suppose 0 = -k - 2 - 1. Let a = k - -3. Suppose -3*x + 0*g + 5*g + 31 = a, 2*g = 3*x - 43. What is the remainder when 32 is divided by x?
15
Let z be 45/(1 + 2) + -3. Calculate the remainder when 70 - 0 - z/4 is divided by 23.
21
Suppose -9 = -3*f - 4*g + 7*g, 0 = 5*f - 2*g - 18. Calculate the remainder when 4 is divided by f.
0
Let w = 12 + -6. Let u be -2*12/(-3) - 2. Suppose -2*h = -u*h + 68. Calculate the remainder when h is divided by w.
5
What is the remainder when (1656/40)/(6/20) is divided by 28?
26
Let k = 42 + -33. What is the remainder when 34 is divided by k?
7
Let o = 15 + -13. Calculate the remainder when 15 is divided by 5 + -2 + o*3.
6
Suppose 0 = 3*w + 41 - 362. Suppose -3*y - 41 + w = 0. Calculate the remainder when y is divided by 6.
4
Let m(t) = 2*t**2 + 2*t - 2. Calculate the remainder when m(2) is divided by 4/(-5 + 1) + 4.
1
Let f = 102 + -22. What is the remainder when f is divided by 28?
24
Let u = 19 + -14. Suppose -u*t + 27 + 138 = 0. What is the remainder when 98 is divided by t?
32
Suppose -p = 3*o - 73, o - 6*o - 241 = -4*p. What is the remainder when p is divided by 22?
20
Suppose 3*t - 9 = 51. What is the remainder when 37 is divided by t?
17
Let g(s) = s**2 - 2*s + 3. What is the remainder when g(4) is divided by -8*(10/8 - 2)?
5
Let b(x) = 4*x + 41. What is the remainder when b(-6) is divided by 9?
8
Suppose 7*s - 11*s + 68 = 0. What is the remainder when s is divided by 9?
8
Let f = 23 - -2. Let g = -6 + f. Suppose -17*x - 73 = -18*x. What is the remainder when x is divided by g?
16
Suppose 46 = 3*y - 35. Suppose -5*t + 178 = -y. Suppose -2*p = 3*p + 2*j - 80, 36 = 4*p - 4*j. What is the remainder when t is divided by p?
13
Suppose 8*h = h + 14. Let x(v) = -v**2 + 4*v + 7. Calculate the remainder when x(5) is divided by h.
0
Suppose -i + 83 = -h, -7*i + 3*i = 3*h - 325. Suppose 70 = 3*k - f, 3*k - 3*f - i + 22 = 0. What is the remainder when k is divided by 13?
12
Suppose 22*m = 18*m + 204. Calculate the remainder when m is divided by 6.
3
Suppose -4*u - b = -182, b + 2*b + 174 = 4*u. Let t(s) = -s. Let k be t(-4). Suppose p = -k*p + u. Calculate the remainder when 24 is divided by p.
6
Let m = -55 - -62. What is the remainder when 24 is divided by m?
3
Let k = 141 + -121. Calculate the remainder when 37 is divided by k.
17
Suppose 4*c - 4*o = -o + 41, 0 = -2*c - 4*o + 48. Calculate the remainder when (-244)/(-6) - 4/6 is divided by c.
12
Suppose 0 = -z + a + 28, -6*z - a = -z - 110. Let j = z - 17. What is the remainder when 17 is divided by j?
5
Suppose -4*d = -34 - 6. Calculate the remainder when 16 is divided by d.
6
Let b = 1 - -5. Suppose 3*x - 16 = -4*h, -2*x - 4*h = -b*x + 40. What is the remainder when 14 is divided by x?
6
Let v = 3 + -2. Let g(z) = -z**2 + 7*z + 3. Let f be g(7). Let x = -2 + f. What is the remainder when x is divided by v?
0
Let s(i) = i**2 - i - 14. Let a be s(0). Suppose 0 = -4*z + 3*z + 6. Calculate the remainder when -3*(-6)/9 - a is divided by z.
4
What is the remainder when 2*-58*(-1)/4 is divided by 10/15*90/4?
14
Let f(z) = 3*z - 12. Let u be 2/(-7) - 368/(-14). Let r = u + -18. Calculate the remainder when 23 is divided by f(r).
11
Let u(s) = 9*s - 1. Let o(a) = a. Let p(w) = 5*o(w) - u(w). Let q be (-2)/(0 - -4)*8. What is the remainder when p(q) is divided by 10?
7
Suppose -4*a + 12 = 4*m - 3*a, -3*m = 2*a - 14. Let n = 22 - 26. What is the remainder when -38*(m - (-10)/n) is divided by 10?
9
Suppose -5*m - 3*g = -19, 6 - 2 = 5*m - 2*g. What is the remainder when 2 is divided by m?
0
Suppose -13*u + 14*u = 23. Let d = u - 3. Calculate the remainder when 77 is divided by d.
17
Let i = -21 + 32. Let o(k) = -k + 12. Let u be o(7). Suppose 0 = u*b - 2*f - 2*f - 40, -4*f - 20 = 0. What is the remainder when i is divided by b?
3
Suppose -5*b - j = -142, 75 + 3 = 3*b + 3*j. Calculate the remainder when 143 is divided by b.
27
Let t = 9 - 1. Let i = t + 3. What is the remainder when 32 is divided by i?
10
Let l be (0 - (-1)/1)*-1. Let f be -2 + (5 - (1 + l)). Suppose 3*p - 72 = f*n, p + 4*n = -3*p + 104. What is the remainder when p is divided by 13?
12
Let w = 42 - 27. Suppose -3*g + 5*g = 4. Suppose 1 = -g*v + w. What is the remainder when 12 is divided by v?
5
Let h = -5 + 4. Let a = 6 - 4. What is the remainder when a is divided by (1 - 3) + (-3)/h?
0
Let k = 15 + -5. Suppose -q + b = -2, k*b - 5*b - 25 = 0. What is the remainder when q is divided by 5?
2
Suppose 2*n = -3*n + 670. Suppose -d + 0 + 3 = 0. Suppose 0 = d*o - 5*o + n. What is the remainder when o is divided by 23?
21
Let u(v) = 11*v - 19. What is the remainder when u(8) is divided by 18?
15
Let y be 5/((-5)/2) - -5. Let z be (-1 - -1)/y - -2. Suppose -2 = -2*h + z. What is the remainder when h is divided by 2?
0
Suppose -5*a - 2*x = -190, a + 3*x - 39 = 12. Let h = a + -25. Calculate the remainder when 42 is divided by h.
9
Let y(v) = 24*v + 1. What is the remainder when y(1) is divided by (-48)/72*39/(-2)?
12
Suppose 4*c - 7 = 89. Calculate the remainder when c is divided by 13.
11
Let i = -44 - -66. Suppose 4*a - 3*x - 39 = 0, -4*a + 0*a = -5*x - 33. What is the remainder when i is divided by a?
10
Suppose 0*s + 25 = 5*s. Suppose s*k - 80 = -y + 119, 0 = k - y - 35. Suppose -7 + k = 4*u. Calculate the remainder when u is divided by 3.
2
Let d(j) = -j + 21. Let o be (-10)/(-4)*(-2 - 4). Let f be (o/6 + -2)*-2. What is the remainder when 22 is divided by d(f)?
10
Let f = -23 + 36. Let l = 20 - 15. What is the remainder when f is divided by l?
3
Let u be 62/(212/(-68) - -3). Calculate the remainder when u/(-7) - 10/35 is divided by 26.
23
Let i = 0 + 2. Let r = i - 19. Let v = 29 + r. Calculate the remainder when v is divided by 7.
5
Let y = 116 - 106. Calculate the remainder when 45 is divided by y.
5
Let j(a) = 9*a - 29. What is the remainder when j(7) is divided by 9?
7
Suppose -3*o = -3, -o - 3*o + 16 = 3*p. Let j = 7 - p. What is the remainder when 8 is divided by j?
2
Let f(z) = -5*z - 40. What is the remainder when 76 is divided by f(-16)?
36
Suppose 2*b - 5*s - 22 = 15, 68 = 4*b - 4*s. Let g be 13/3 + (-4)/12. Suppose y + 2*y = -x + 34, 30 = x + g*y. What is the remainder when x is divided by b?
14
Let r = -11 - -14. Suppose 0 = -4*a - 4 + 12. Calculate the remainder when r is divided by a.
1
Suppose 5*y - 10 = 0, k + 2*y = -3 + 22. What is the remainder when 55 is divided by k?
10
Let x(y) = y**3 + 8*y**2 + 4*y. Suppose 4*u - 1 = -a + 22, -2*a + 43 = 5*u. Calculate the remainder when x(-5) is divided by a.
17
Let a(s) = s**2 - 14*s + 16. Let o be a(13). Suppose 264 = 7*d - o*d. Calculate the remainder when d is divided by 17.
15
Suppose 0*x - 5*x = -40. Suppose x*t - 4*s - 288 = 3*t, -5*s = 2*t - 135. Calculate the remainder when t is divided by 21.
18
What is the remainder when ((-1)/(-1) - 63)/(-1) is divided by 11?
7
Let c = -109 + 151. What is the remainder when 291 is divided by c?
39
Let j = 2 - -3. Suppose -2*m + m + j = 0. What is the remainder when m is divided by 4?
1
Suppose -3*z = -4*z - y + 6, 0 = z + 3*y - 2. Suppose -5*i + 0 = 2*w - z, 0 = -4*w - 2*i + 48. Calculate the remainder when w is divided by 8.
6
Let p = 38 - 21. Let h(d) = d**3 - d**2 + 6. What is the remainder when p is divided by h(0)?
5
Calculate the remainder when 28 is divided by (1/2 + 44/(-8))*-2.
8
Suppose -4*o - 3*d + 47 = 0, -53 - 2 = -5*o - 3*d. Let w = 8 - 2. Suppose w*y = 3*y + 9. What is the remainder when o is divided by y?
2
Let u = 4 - 6. Let d(c) = -4*c - 1. Let b be d(u). Let k(l) = 6*l - 5. What is the remainder when k(b) is divided by 13?
11
Suppose 0 = -q + 1 + 10. What is the remainder when 21 is divided by q?
10
Let m = -160 - -102. Calculate the remainder when (4 - m) + 0 + -1 is divided by 21.
19
Let r = 1 - -3. Suppose -m + 6*m + 46 = r*w, -w = -m - 12. What is the remainder when 26 is divided by w?
12
Let s(u) = 2*u - 4. Let n = -4 + 10. Calculate the remainder when n is divided by s(3).
0
Let l(t) be the first derivative of t**2/2 - 8*t - 2. Let r be l(7). Let m = 3 + r. Calculate the remainder when 7 is divided by m.
1
Let i(k) = 3*k**2 - 1. Let x be i(-